{"id":751,"date":"2025-02-14T10:54:23","date_gmt":"2025-02-14T09:54:23","guid":{"rendered":"https:\/\/www.camping-lamarmotte.com\/?page_id=751"},"modified":"2025-02-27T11:02:26","modified_gmt":"2025-02-27T10:02:26","slug":"informacion-legal","status":"publish","type":"page","link":"https:\/\/www.camping-lamarmotte.com\/es\/mentions-legales\/","title":{"rendered":"Informaci\u00f3n jur\u00eddica"},"content":{"rendered":"<div class=\"wp-block-group alignwide has-global-padding is-layout-constrained wp-container-core-group-is-layout-530ec779 wp-block-group-is-layout-constrained\" data-block-type=\"core\">\n<div class=\"wp-block-stackable-columns stk-block-columns stk-block stk-5e42083\" data-block-id=\"5e42083\"><div class=\"stk-row stk-inner-blocks stk-block-content stk-content-align stk-5e42083-column\">\n<div class=\"wp-block-stackable-column stk-block-column stk-column stk-block stk-5832eb8\" data-v=\"4\" data-block-id=\"5832eb8\"><div class=\"stk-column-wrapper stk-block-column__content stk-container stk-5832eb8-container stk--no-background stk--no-padding\"><div class=\"stk-block-content stk-inner-blocks stk-5832eb8-inner-blocks\">\n<div class=\"wp-block-stackable-heading stk-block-heading stk-block-heading--v2 stk-block stk-a1d98ef\" id=\"qui-sommes-nous\" data-block-id=\"a1d98ef\"><h2 class=\"stk-block-heading__text\">\u00bfQui\u00e9nes somos?<\/h2><\/div>\n\n\n\n<div class=\"wp-block-stackable-text stk-block-text stk-block stk-ee2fc8a\" data-block-id=\"ee2fc8a\"><p class=\"stk-block-text__text\"><strong>Editorial<\/strong><br>SARL LE MOULIN DE LAURENT<\/p><\/div>\n\n\n\n<div class=\"wp-block-stackable-text stk-block-text stk-block stk-ebf8d06\" data-block-id=\"ebf8d06\"><p class=\"stk-block-text__text\">RCS Savignac les Ormeaux: 51963041200012<br>Domicilio social: Route d'Espagne, 09110 SAVIGNAC LES ORMEAUX<br>N\u00famero de tel\u00e9fono : <a href=\"tel:0561642440\">05 61 64 24 40<\/a><br>Correo electr\u00f3nico : <a href=\"mailto:camping@marmotte09.fr\">camping@marmotte09.fr<\/a><\/p><\/div>\n\n\n\n<div class=\"wp-block-stackable-text stk-block-text stk-block stk-6df36ae\" data-block-id=\"6df36ae\"><p class=\"stk-block-text__text\"><strong>Director editorial<br><\/strong>Sra. Laurent<\/p><\/div>\n<\/div><\/div><\/div>\n\n\n\n<div class=\"wp-block-stackable-column stk-block-column stk-column stk-block stk-89e5095\" data-v=\"4\" data-block-id=\"89e5095\"><div class=\"stk-column-wrapper stk-block-column__content stk-container stk-89e5095-container stk--no-background stk--no-padding\"><div class=\"stk-block-content stk-inner-blocks stk-89e5095-inner-blocks\">\n<div class=\"wp-block-stackable-text stk-block-text stk-block stk-bc1d4e7\" data-block-id=\"bc1d4e7\"><p class=\"stk-block-text__text\"><strong>Producci\u00f3n t\u00e9cnica y gr\u00e1fica :<br><\/strong>SEV \/ Ouest-Communication.com<br>123 bd Louis Blanc<br>85000 La Roche sur Yon<br>Tel: <a href=\"tel:0251203040\">02 51 20 30 40<\/a><br>Correo electr\u00f3nico : <a href=\"mailto:contact@ouest-communication.com\">contact@ouest-communication.com<\/a><br>P\u00e1gina web : <a href=\"https:\/\/www.ouest-communication.com\/\">https:\/\/www.ouest-communication.com\/<\/a><\/p><\/div>\n\n\n\n<p data-block-type=\"core\"><strong>Alojamiento web :<br><\/strong>Interruptor O2<\/p>\n<\/div><\/div><\/div>\n<\/div><\/div>\n\n\n\n<div class=\"wp-block-stackable-text stk-block-text stk-block stk-99e2060\" data-block-id=\"99e2060\"><p class=\"stk-block-text__text\">Uso de los datos personales recogidos<br>Sus datos personales s\u00f3lo se utilizan en el marco de la relaci\u00f3n comercial entre usted y el editor \"SARL LE MOULIN DE LAURENT\".<\/p><\/div>\n\n\n\n<div class=\"wp-block-stackable-text stk-block-text stk-block stk-2cd3fd2\" data-block-id=\"2cd3fd2\"><p class=\"stk-block-text__text\">A menos que d\u00e9 su consentimiento expreso, sus datos no se transmitir\u00e1n a terceros.<\/p><\/div>\n\n\n\n<div class=\"wp-block-stackable-text stk-block-text stk-block stk-4f949b4\" data-block-id=\"4f949b4\"><p class=\"stk-block-text__text\"><strong>Formularios de contacto<br><\/strong>Los datos recogidos mediante los formularios se registran en un fichero informatizado a efectos de una solicitud de informaci\u00f3n y de la relaci\u00f3n comercial que pueda derivarse. Puede ejercer su derecho de acceso a sus datos personales utilizando el formulario previsto a tal efecto.<\/p><\/div>\n\n\n\n<div class=\"wp-block-stackable-text stk-block-text stk-block stk-482c5cf\" data-block-id=\"482c5cf\"><p class=\"stk-block-text__text\"><strong>Cookies<br><\/strong>Si deja un comentario en nuestro sitio, se le pedir\u00e1 que guarde su nombre, direcci\u00f3n de correo electr\u00f3nico y sitio web en cookies. Esto es s\u00f3lo para su comodidad, para que no tenga que introducir esta informaci\u00f3n si deja otro comentario m\u00e1s tarde. Estas cookies caducan al cabo de un a\u00f1o.<\/p><\/div>\n\n\n\n<div class=\"wp-block-stackable-text stk-block-text stk-block stk-94c7be8\" data-block-id=\"94c7be8\"><p class=\"stk-block-text__text\">Si tiene una cuenta y se conecta a este sitio, se crear\u00e1 una cookie temporal para determinar si su navegador acepta cookies. No contiene ning\u00fan dato personal y se borrar\u00e1 autom\u00e1ticamente cuando cierre el navegador.<\/p><\/div>\n\n\n\n<div class=\"wp-block-stackable-text stk-block-text stk-block stk-4462acd\" data-block-id=\"4462acd\"><p class=\"stk-block-text__text\">Con fines estad\u00edsticos, este sitio utiliza cookies para recopilar informaci\u00f3n sobre las p\u00e1ginas que ha visitado. En particular, almacenan informaci\u00f3n an\u00f3nima sobre su posici\u00f3n geogr\u00e1fica, su navegador, etc.<\/p><\/div>\n\n\n\n<div class=\"wp-block-stackable-text stk-block-text stk-block stk-44da6b6\" data-block-id=\"44da6b6\"><p class=\"stk-block-text__text\"><strong>Medios de comunicaci\u00f3n<\/strong><br>Si eres un usuario registrado y subes im\u00e1genes al sitio web, te aconsejamos que evites subir im\u00e1genes que contengan datos EXIF de coordenadas GPS. Los visitantes de tu sitio web pueden descargar y extraer datos de localizaci\u00f3n de estas im\u00e1genes.<\/p><\/div>\n\n\n\n<div class=\"wp-block-stackable-text stk-block-text stk-block stk-ab5b5c3\" data-block-id=\"ab5b5c3\"><p class=\"stk-block-text__text\"><strong>Contenido incrustado de otros sitios<br><\/strong>Los art\u00edculos de este sitio pueden incluir contenido incrustado (por ejemplo, v\u00eddeos, im\u00e1genes, art\u00edculos, etc.). El contenido incrustado de otros sitios se comporta de la misma manera que si el visitante estuviera visitando ese otro sitio.<\/p><\/div>\n\n\n\n<div class=\"wp-block-stackable-text stk-block-text stk-block stk-5880b0a\" data-block-id=\"5880b0a\"><p class=\"stk-block-text__text\">Estos sitios web pueden recopilar datos sobre usted, utilizar cookies, incrustar herramientas de seguimiento de terceros y rastrear sus interacciones con este contenido incrustado si tiene una cuenta conectada a su sitio web.<\/p><\/div>\n\n\n\n<div class=\"wp-block-stackable-text stk-block-text stk-block stk-fa59d30\" data-block-id=\"fa59d30\"><p class=\"stk-block-text__text\"><strong>Periodos de almacenamiento de sus datos<br><\/strong>Si deja un comentario, el comentario y sus metadatos se conservan indefinidamente. Esto permite que los comentarios posteriores se reconozcan y aprueben autom\u00e1ticamente en lugar de quedarse en la cola de moderaci\u00f3n.<\/p><\/div>\n\n\n\n<div class=\"wp-block-stackable-text stk-block-text stk-block stk-9ca7814\" data-block-id=\"9ca7814\"><p class=\"stk-block-text__text\">Para los usuarios que se registran en nuestro sitio (cuando es posible), tambi\u00e9n almacenamos los datos personales indicados en su perfil. Todos los usuarios pueden ver, modificar o borrar su informaci\u00f3n personal en cualquier momento (a excepci\u00f3n de su nombre de usuario). Los administradores del sitio tambi\u00e9n pueden ver y modificar esta informaci\u00f3n.<\/p><\/div>\n\n\n\n<div class=\"wp-block-stackable-text stk-block-text stk-block stk-a3a0b80\" data-block-id=\"a3a0b80\"><p class=\"stk-block-text__text\"><strong>Los derechos que tiene sobre sus datos<br><\/strong>Si tiene una cuenta o ha dejado comentarios en el sitio, puede solicitar que le enviemos un archivo con todos los datos personales que tenemos sobre usted, incluidos los que nos ha facilitado. Tambi\u00e9n puede solicitar la supresi\u00f3n de sus datos personales. Esto no incluye los datos almacenados con fines administrativos, legales o de seguridad.<\/p><\/div>\n\n\n\n<div class=\"wp-block-stackable-text stk-block-text stk-block stk-6a0432f\" data-block-id=\"6a0432f\"><style>.stk-6a0432f {margin-bottom:0px !important;}<\/style><p class=\"stk-block-text__text\"><strong>CR\u00c9DITOS FOTOGR\u00c1FICOS<\/strong><\/p><\/div>\n\n\n\n<div class=\"wp-block-stackable-text stk-block-text stk-block stk-418a303\" data-block-id=\"418a303\"><p class=\"stk-block-text__text\"><a href=\"https:\/\/fr.freepik.com\/photos-gratuite\/parents-etonnants-s-amusent-leurs-deux-reposant-pelouse-verte-dans-parc_1471597.htm#fromView=keyword&amp;page=1&amp;position=2&amp;uuid=baa13606-252d-4123-8bb5-52902843f07f&amp;query=Famille+Nature\">Imagen de freepic.diller en Freepik<\/a><br>Imagen de <a href=\"https:\/\/pixabay.com\/fr\/users\/stux-12364\/?utm_source=link-attribution&amp;utm_medium=referral&amp;utm_campaign=image&amp;utm_content=4610864\">Stefan Schweihofer<\/a> de <a href=\"https:\/\/pixabay.com\/fr\/\/?utm_source=link-attribution&amp;utm_medium=referral&amp;utm_campaign=image&amp;utm_content=4610864\">Pixabay<\/a><br><a href=\"https:\/\/fr.freepik.com\/photos-gratuite\/femme-profitant-environnement-rural_19055245.htm#fromView=search&amp;page=1&amp;position=7&amp;uuid=ae9e2393-19d9-47da-aafc-18f8510609dc&amp;query=vacances+%C3%A0+la+montagne+en+famille\">Imagen de freepik<\/a><br>Imagen de <a href=\"https:\/\/pixabay.com\/fr\/users\/stocksnap-894430\/?utm_source=link-attribution&amp;utm_medium=referral&amp;utm_campaign=image&amp;utm_content=2557571\">StockSnap<\/a> de <a href=\"https:\/\/pixabay.com\/fr\/\/?utm_source=link-attribution&amp;utm_medium=referral&amp;utm_campaign=image&amp;utm_content=2557571\">Pixabay<\/a><br>Ch\u00e2teau de Foix - Charlotte Rapiteau para SEV<br>Ax les Thermes, Ax 3 Domaines, Barranquismo, Cantera de Talco, Parapente, Tarbesou, Reserva de Orlu, Senderismo, V\u00eda ferrata, Chamin des Bonshommes : St\u00e9phane Meurisse, ADT09<br>Imagen de <a href=\"https:\/\/pixabay.com\/fr\/users\/hamedvaghari-25892076\/?utm_source=link-attribution&amp;utm_medium=referral&amp;utm_campaign=image&amp;utm_content=7035556\">Hamed Vaghari<\/a> de <a href=\"https:\/\/pixabay.com\/fr\/\/?utm_source=link-attribution&amp;utm_medium=referral&amp;utm_campaign=image&amp;utm_content=7035556\">Pixabay<\/a><\/p><\/div>\n<\/div>","protected":false},"excerpt":{"rendered":"<p>Qui sommes-nous ? \u00c9diteurSARL LE MOULIN DE LAURENT RCS Savignac les Ormeaux : 51963041200012Si\u00e8ge social : Route d&rsquo;Espagne, 09110 SAVIGNAC LES ORMEAUXN\u00b0 de t\u00e9l\u00e9phone : 05 61 64 24 40E-mail : camping@marmotte09.fr Directeur de la publicationMadame Laurent R\u00e9alisation Technique &amp; Graphique :SEV \/ Ouest-Communication.com123 bd Louis Blanc85000 La Roche sur YonT\u00e9l. : 02 51 20 [&hellip;]<\/p>\n","protected":false},"author":1,"featured_media":836,"parent":0,"menu_order":0,"comment_status":"closed","ping_status":"closed","template":"","meta":{"_acf_changed":false,"_seopress_robots_primary_cat":"","_seopress_titles_title":"Mentions l\u00e9gales du camping La Marmotte en Ari\u00e8ge","_seopress_titles_desc":"Retrouvez les mentions l\u00e9gales du Camping La Marmotte ****. Espace aquatique couvert et chauff\u00e9, animations, restaurant \/ bar.","_seopress_robots_index":"","_vp_format_video_url":"","_vp_image_focal_point":[],"footnotes":""},"class_list":["post-751","page","type-page","status-publish","has-post-thumbnail","hentry"],"acf":[],"_links":{"self":[{"href":"https:\/\/www.camping-lamarmotte.com\/es\/wp-json\/wp\/v2\/pages\/751","targetHints":{"allow":["GET"]}}],"collection":[{"href":"https:\/\/www.camping-lamarmotte.com\/es\/wp-json\/wp\/v2\/pages"}],"about":[{"href":"https:\/\/www.camping-lamarmotte.com\/es\/wp-json\/wp\/v2\/types\/page"}],"author":[{"embeddable":true,"href":"https:\/\/www.camping-lamarmotte.com\/es\/wp-json\/wp\/v2\/users\/1"}],"replies":[{"embeddable":true,"href":"https:\/\/www.camping-lamarmotte.com\/es\/wp-json\/wp\/v2\/comments?post=751"}],"version-history":[{"count":9,"href":"https:\/\/www.camping-lamarmotte.com\/es\/wp-json\/wp\/v2\/pages\/751\/revisions"}],"predecessor-version":[{"id":1544,"href":"https:\/\/www.camping-lamarmotte.com\/es\/wp-json\/wp\/v2\/pages\/751\/revisions\/1544"}],"wp:featuredmedia":[{"embeddable":true,"href":"https:\/\/www.camping-lamarmotte.com\/es\/wp-json\/wp\/v2\/media\/836"}],"wp:attachment":[{"href":"https:\/\/www.camping-lamarmotte.com\/es\/wp-json\/wp\/v2\/media?parent=751"}],"curies":[{"name":"wp","href":"https:\/\/api.w.org\/{rel}","templated":true}]}}

Información jurídica

<div class="wp-block-group alignwide has-global-padding is-layout-constrained wp-container-core-group-is-layout-530ec779 wp-block-group-is-layout-constrained" data-block-type="core">
<div class="wp-block-stackable-columns stk-block-columns stk-block stk-5e42083" data-block-id="5e42083"><div class="stk-row stk-inner-blocks stk-block-content stk-content-align stk-5e42083-column">
<div class="wp-block-stackable-column stk-block-column stk-column stk-block stk-5832eb8" data-v="4" data-block-id="5832eb8"><div class="stk-column-wrapper stk-block-column__content stk-container stk-5832eb8-container stk--no-background stk--no-padding"><div class="stk-block-content stk-inner-blocks stk-5832eb8-inner-blocks">
<div class="wp-block-stackable-heading stk-block-heading stk-block-heading--v2 stk-block stk-a1d98ef" id="qui-sommes-nous" data-block-id="a1d98ef"><h2 class="stk-block-heading__text">¿Quiénes somos?</h2></div>



<div class="wp-block-stackable-text stk-block-text stk-block stk-ee2fc8a" data-block-id="ee2fc8a"><p class="stk-block-text__text"><strong>Editorial</strong><br>SARL LE MOULIN DE LAURENT</p></div>



<div class="wp-block-stackable-text stk-block-text stk-block stk-ebf8d06" data-block-id="ebf8d06"><p class="stk-block-text__text">RCS Savignac les Ormeaux: 51963041200012<br>Domicilio social: Route d'Espagne, 09110 SAVIGNAC LES ORMEAUX<br>Número de teléfono : <a href="tel:0561642440">05 61 64 24 40</a><br>Correo electrónico : <a href="mailto:camping@marmotte09.fr">camping@marmotte09.fr</a></p></div>



<div class="wp-block-stackable-text stk-block-text stk-block stk-6df36ae" data-block-id="6df36ae"><p class="stk-block-text__text"><strong>Director editorial<br></strong>Sra. Laurent</p></div>
</div></div></div>



<div class="wp-block-stackable-column stk-block-column stk-column stk-block stk-89e5095" data-v="4" data-block-id="89e5095"><div class="stk-column-wrapper stk-block-column__content stk-container stk-89e5095-container stk--no-background stk--no-padding"><div class="stk-block-content stk-inner-blocks stk-89e5095-inner-blocks">
<div class="wp-block-stackable-text stk-block-text stk-block stk-bc1d4e7" data-block-id="bc1d4e7"><p class="stk-block-text__text"><strong>Producción técnica y gráfica :<br></strong>SEV / Ouest-Communication.com<br>123 bd Louis Blanc<br>85000 La Roche sur Yon<br>Tel: <a href="tel:0251203040">02 51 20 30 40</a><br>Correo electrónico : <a href="mailto:contact@ouest-communication.com">contact@ouest-communication.com</a><br>Página web : <a href="https://www.ouest-communication.com/">https://www.ouest-communication.com/</a></p></div>



<p data-block-type="core"><strong>Alojamiento web :<br></strong>Interruptor O2</p>
</div></div></div>
</div></div>



<div class="wp-block-stackable-text stk-block-text stk-block stk-99e2060" data-block-id="99e2060"><p class="stk-block-text__text">Uso de los datos personales recogidos<br>Sus datos personales sólo se utilizan en el marco de la relación comercial entre usted y el editor "SARL LE MOULIN DE LAURENT".</p></div>



<div class="wp-block-stackable-text stk-block-text stk-block stk-2cd3fd2" data-block-id="2cd3fd2"><p class="stk-block-text__text">A menos que dé su consentimiento expreso, sus datos no se transmitirán a terceros.</p></div>



<div class="wp-block-stackable-text stk-block-text stk-block stk-4f949b4" data-block-id="4f949b4"><p class="stk-block-text__text"><strong>Formularios de contacto<br></strong>Los datos recogidos mediante los formularios se registran en un fichero informatizado a efectos de una solicitud de información y de la relación comercial que pueda derivarse. Puede ejercer su derecho de acceso a sus datos personales utilizando el formulario previsto a tal efecto.</p></div>



<div class="wp-block-stackable-text stk-block-text stk-block stk-482c5cf" data-block-id="482c5cf"><p class="stk-block-text__text"><strong>Cookies<br></strong>Si deja un comentario en nuestro sitio, se le pedirá que guarde su nombre, dirección de correo electrónico y sitio web en cookies. Esto es sólo para su comodidad, para que no tenga que introducir esta información si deja otro comentario más tarde. Estas cookies caducan al cabo de un año.</p></div>



<div class="wp-block-stackable-text stk-block-text stk-block stk-94c7be8" data-block-id="94c7be8"><p class="stk-block-text__text">Si tiene una cuenta y se conecta a este sitio, se creará una cookie temporal para determinar si su navegador acepta cookies. No contiene ningún dato personal y se borrará automáticamente cuando cierre el navegador.</p></div>



<div class="wp-block-stackable-text stk-block-text stk-block stk-4462acd" data-block-id="4462acd"><p class="stk-block-text__text">Con fines estadísticos, este sitio utiliza cookies para recopilar información sobre las páginas que ha visitado. En particular, almacenan información anónima sobre su posición geográfica, su navegador, etc.</p></div>



<div class="wp-block-stackable-text stk-block-text stk-block stk-44da6b6" data-block-id="44da6b6"><p class="stk-block-text__text"><strong>Medios de comunicación</strong><br>Si eres un usuario registrado y subes imágenes al sitio web, te aconsejamos que evites subir imágenes que contengan datos EXIF de coordenadas GPS. Los visitantes de tu sitio web pueden descargar y extraer datos de localización de estas imágenes.</p></div>



<div class="wp-block-stackable-text stk-block-text stk-block stk-ab5b5c3" data-block-id="ab5b5c3"><p class="stk-block-text__text"><strong>Contenido incrustado de otros sitios<br></strong>Los artículos de este sitio pueden incluir contenido incrustado (por ejemplo, vídeos, imágenes, artículos, etc.). El contenido incrustado de otros sitios se comporta de la misma manera que si el visitante estuviera visitando ese otro sitio.</p></div>



<div class="wp-block-stackable-text stk-block-text stk-block stk-5880b0a" data-block-id="5880b0a"><p class="stk-block-text__text">Estos sitios web pueden recopilar datos sobre usted, utilizar cookies, incrustar herramientas de seguimiento de terceros y rastrear sus interacciones con este contenido incrustado si tiene una cuenta conectada a su sitio web.</p></div>



<div class="wp-block-stackable-text stk-block-text stk-block stk-fa59d30" data-block-id="fa59d30"><p class="stk-block-text__text"><strong>Periodos de almacenamiento de sus datos<br></strong>Si deja un comentario, el comentario y sus metadatos se conservan indefinidamente. Esto permite que los comentarios posteriores se reconozcan y aprueben automáticamente en lugar de quedarse en la cola de moderación.</p></div>



<div class="wp-block-stackable-text stk-block-text stk-block stk-9ca7814" data-block-id="9ca7814"><p class="stk-block-text__text">Para los usuarios que se registran en nuestro sitio (cuando es posible), también almacenamos los datos personales indicados en su perfil. Todos los usuarios pueden ver, modificar o borrar su información personal en cualquier momento (a excepción de su nombre de usuario). Los administradores del sitio también pueden ver y modificar esta información.</p></div>



<div class="wp-block-stackable-text stk-block-text stk-block stk-a3a0b80" data-block-id="a3a0b80"><p class="stk-block-text__text"><strong>Los derechos que tiene sobre sus datos<br></strong>Si tiene una cuenta o ha dejado comentarios en el sitio, puede solicitar que le enviemos un archivo con todos los datos personales que tenemos sobre usted, incluidos los que nos ha facilitado. También puede solicitar la supresión de sus datos personales. Esto no incluye los datos almacenados con fines administrativos, legales o de seguridad.</p></div>



<div class="wp-block-stackable-text stk-block-text stk-block stk-6a0432f" data-block-id="6a0432f"><style>.stk-6a0432f {margin-bottom:0px !important;}</style><p class="stk-block-text__text"><strong>CRÉDITOS FOTOGRÁFICOS</strong></p></div>



<div class="wp-block-stackable-text stk-block-text stk-block stk-418a303" data-block-id="418a303"><p class="stk-block-text__text"><a href="https://fr.freepik.com/photos-gratuite/parents-etonnants-s-amusent-leurs-deux-reposant-pelouse-verte-dans-parc_1471597.htm#fromView=keyword&amp;page=1&amp;position=2&amp;uuid=baa13606-252d-4123-8bb5-52902843f07f&amp;query=Famille+Nature">Imagen de freepic.diller en Freepik</a><br>Imagen de <a href="https://pixabay.com/fr/users/stux-12364/?utm_source=link-attribution&amp;utm_medium=referral&amp;utm_campaign=image&amp;utm_content=4610864">Stefan Schweihofer</a> de <a href="https://pixabay.com/fr//?utm_source=link-attribution&amp;utm_medium=referral&amp;utm_campaign=image&amp;utm_content=4610864">Pixabay</a><br><a href="https://fr.freepik.com/photos-gratuite/femme-profitant-environnement-rural_19055245.htm#fromView=search&amp;page=1&amp;position=7&amp;uuid=ae9e2393-19d9-47da-aafc-18f8510609dc&amp;query=vacances+%C3%A0+la+montagne+en+famille">Imagen de freepik</a><br>Imagen de <a href="https://pixabay.com/fr/users/stocksnap-894430/?utm_source=link-attribution&amp;utm_medium=referral&amp;utm_campaign=image&amp;utm_content=2557571">StockSnap</a> de <a href="https://pixabay.com/fr//?utm_source=link-attribution&amp;utm_medium=referral&amp;utm_campaign=image&amp;utm_content=2557571">Pixabay</a><br>Château de Foix - Charlotte Rapiteau para SEV<br>Ax les Thermes, Ax 3 Domaines, Barranquismo, Cantera de Talco, Parapente, Tarbesou, Reserva de Orlu, Senderismo, Vía ferrata, Chamin des Bonshommes : Stéphane Meurisse, ADT09<br>Imagen de <a href="https://pixabay.com/fr/users/hamedvaghari-25892076/?utm_source=link-attribution&amp;utm_medium=referral&amp;utm_campaign=image&amp;utm_content=7035556">Hamed Vaghari</a> de <a href="https://pixabay.com/fr//?utm_source=link-attribution&amp;utm_medium=referral&amp;utm_campaign=image&amp;utm_content=7035556">Pixabay</a></p></div>
</div>

<p>Qui sommes-nous ? ÉditeurSARL LE MOULIN DE LAURENT RCS Savignac les Ormeaux : 51963041200012Siège social : Route d&rsquo;Espagne, 09110 SAVIGNAC LES ORMEAUXN° de téléphone : 05 61 64 24 40E-mail : camping@marmotte09.fr Directeur de la publicationMadame Laurent Réalisation Technique &amp; Graphique :SEV / Ouest-Communication.com123 bd Louis Blanc85000 La Roche sur YonTél. : 02 51 20 [&hellip;]</p>

Mentions légales du camping La Marmotte en Ariège

Retrouvez les mentions légales du Camping La Marmotte ****. Espace aquatique couvert et chauffé, animations, restaurant / bar.
