{"id":2178,"date":"2020-09-12T12:06:17","date_gmt":"2020-09-12T10:06:17","guid":{"rendered":"https:\/\/www.camping-lamarmotte.com\/?post_type=editorial&#038;p=2178"},"modified":"2025-05-15T11:36:22","modified_gmt":"2025-05-15T09:36:22","slug":"vacaciones-en-camping-ax-les-thermes","status":"publish","type":"editorial","link":"https:\/\/www.camping-lamarmotte.com\/es\/editorial\/vacances-en-emplacement-camping-ax-les-thermes\/","title":{"rendered":"Vacaciones en camping Ax les Thermes"},"content":{"rendered":"<p>Est\u00e1s acostumbrado a ir a la playa en verano. Pero nunca ha ido de vacaciones a la monta\u00f1a en verano. Ten\u00eda muchas ganas de descubrir estos paisajes de los que se dice que son sublimes. As\u00ed que reserva inmediatamente su pr\u00f3ximo <strong>vacaciones<\/strong>. Ha elegido un <strong><a href=\"https:\/\/www.camping-lamarmotte.com\/es\/lugares\/\">parcela de camping<\/a> \u00e0 <a href=\"https:\/\/www.camping-lamarmotte.com\/es\/cure-thermale-ax-thermes\/\">Ax Les Thermes<\/a><\/strong>. <a href=\"https:\/\/www.camping-lamarmotte.com\/es\/\">Camping La Marmotte<\/a> acoge a veraneantes todo el a\u00f1o. As\u00ed que puede disfrutar de las monta\u00f1as en verano o esquiar en invierno.<\/p>\n<p><img loading=\"lazy\" decoding=\"async\" class=\"aligncenter size-full wp-image-2180\" src=\"https:\/\/www.camping-lamarmotte.com\/wp-content\/uploads\/2020\/09\/vacances-en-emplacement-camping-ax-les-thermes.jpg\" alt=\"vacaciones en una parcela de camping Ax les Thermes\" width=\"700\" height=\"466\" \/><\/p>\n<p>Despu\u00e9s de recoger las llaves en recepci\u00f3n, por fin pudiste instalarte. Hab\u00eda que desplegar la tienda y montar todo lo necesario para la estancia. Una vez que tu acogedor nido estuvo listo, pudiste acomodarte y abrir tu primera cerveza para brindar por las vacaciones. Has podido preparar tu programa para la semana y elaborar un horario. S\u00ed, s\u00f3lo te vas a quedar una semana, as\u00ed que no quieres perderte nada y quieres enterarte de lo m\u00e1s importante. En recepci\u00f3n has podido ayudarte de la documentaci\u00f3n, as\u00ed que seguro que no te pierdes nada.<\/p>\n<p><img loading=\"lazy\" decoding=\"async\" class=\"aligncenter wp-image-2181 size-full\" src=\"https:\/\/www.camping-lamarmotte.com\/wp-content\/uploads\/2020\/09\/location-vacances-en-emplacement-camping-ax-les-thermes.jpg\" alt=\"su parcela en el camping Ax les Thermes\" width=\"700\" height=\"466\" \/><\/p>\n<p>Le <strong>camping<\/strong> en el que ha alquilado su <strong>ubicaci\u00f3n en Ax les Thermes<\/strong> goza de una ubicaci\u00f3n ideal. Por un lado, podr\u00e1 aprovechar las tiendas del pueblo m\u00e1s cercano. Por otro, estar\u00e1s al pie de las monta\u00f1as. Podr\u00e1 dar largos paseos a pie o en bicicleta (seg\u00fan sus preferencias). Mientras paseas, descubrir\u00e1s paisajes a cual m\u00e1s bello. Tendr\u00e1s unas vistas impresionantes del valle.<\/p>\n<p><img loading=\"lazy\" decoding=\"async\" class=\"aligncenter wp-image-2182 size-full\" src=\"https:\/\/www.camping-lamarmotte.com\/wp-content\/uploads\/2020\/09\/sejour-vacances-en-emplacement-camping-ax-les-thermes.jpg\" alt=\"vacaciones en Ax les Thermes\" width=\"700\" height=\"540\" \/><\/p>\n<p>Si t\u00fa tambi\u00e9n quieres descubrir los placeres de la monta\u00f1a en verano, ven a pasar un rato con nosotros. <strong>vacaciones en una parcela del camping de Ax les Thermes<\/strong>. Llame al 05 61 64 24 40 para hacer su reserva.<\/p>\n<p><img loading=\"lazy\" decoding=\"async\" class=\"aligncenter wp-image-2183 size-full\" src=\"https:\/\/www.camping-lamarmotte.com\/wp-content\/uploads\/2020\/09\/ariege-vacances-en-emplacement-camping-ax-les-thermes.jpg\" alt=\"Vacaciones en Ariege en la localidad Ax les Thermes\" width=\"700\" height=\"467\" \/><\/p>","protected":false},"featured_media":1027,"template":"","meta":{"_acf_changed":false,"_seopress_robots_primary_cat":"","_seopress_titles_title":"Vos vacances en emplacement dans ce camping","_seopress_titles_desc":"Optez pour des vacances en emplacement au camping la Marmotte en Ari\u00e8ge","_seopress_robots_index":"","_vp_format_video_url":"","_vp_image_focal_point":[]},"class_list":["post-2178","editorial","type-editorial","status-publish","has-post-thumbnail","hentry"],"acf":[],"_links":{"self":[{"href":"https:\/\/www.camping-lamarmotte.com\/es\/wp-json\/wp\/v2\/editorial\/2178","targetHints":{"allow":["GET"]}}],"collection":[{"href":"https:\/\/www.camping-lamarmotte.com\/es\/wp-json\/wp\/v2\/editorial"}],"about":[{"href":"https:\/\/www.camping-lamarmotte.com\/es\/wp-json\/wp\/v2\/types\/editorial"}],"wp:featuredmedia":[{"embeddable":true,"href":"https:\/\/www.camping-lamarmotte.com\/es\/wp-json\/wp\/v2\/media\/1027"}],"wp:attachment":[{"href":"https:\/\/www.camping-lamarmotte.com\/es\/wp-json\/wp\/v2\/media?parent=2178"}],"curies":[{"name":"wp","href":"https:\/\/api.w.org\/{rel}","templated":true}]}}

<p>Estás acostumbrado a ir a la playa en verano. Pero nunca ha ido de vacaciones a la montaña en verano. Tenía muchas ganas de descubrir estos paisajes de los que se dice que son sublimes. Así que reserva inmediatamente su próximo <strong>vacaciones</strong>. Ha elegido un <strong><a href="https://www.camping-lamarmotte.com/es/lugares/">parcela de camping</a> à <a href="https://www.camping-lamarmotte.com/es/cure-thermale-ax-thermes/">Ax Les Thermes</a></strong>. <a href="https://www.camping-lamarmotte.com/es/">Camping La Marmotte</a> acoge a veraneantes todo el año. Así que puede disfrutar de las montañas en verano o esquiar en invierno.</p>
<p><img loading="lazy" decoding="async" class="aligncenter size-full wp-image-2180" src="https://www.camping-lamarmotte.com/wp-content/uploads/2020/09/vacances-en-emplacement-camping-ax-les-thermes.jpg" alt="vacaciones en una parcela de camping Ax les Thermes" width="700" height="466" /></p>
<p>Después de recoger las llaves en recepción, por fin pudiste instalarte. Había que desplegar la tienda y montar todo lo necesario para la estancia. Una vez que tu acogedor nido estuvo listo, pudiste acomodarte y abrir tu primera cerveza para brindar por las vacaciones. Has podido preparar tu programa para la semana y elaborar un horario. Sí, sólo te vas a quedar una semana, así que no quieres perderte nada y quieres enterarte de lo más importante. En recepción has podido ayudarte de la documentación, así que seguro que no te pierdes nada.</p>
<p><img loading="lazy" decoding="async" class="aligncenter wp-image-2181 size-full" src="https://www.camping-lamarmotte.com/wp-content/uploads/2020/09/location-vacances-en-emplacement-camping-ax-les-thermes.jpg" alt="su parcela en el camping Ax les Thermes" width="700" height="466" /></p>
<p>Le <strong>camping</strong> en el que ha alquilado su <strong>ubicación en Ax les Thermes</strong> goza de una ubicación ideal. Por un lado, podrá aprovechar las tiendas del pueblo más cercano. Por otro, estarás al pie de las montañas. Podrá dar largos paseos a pie o en bicicleta (según sus preferencias). Mientras paseas, descubrirás paisajes a cual más bello. Tendrás unas vistas impresionantes del valle.</p>
<p><img loading="lazy" decoding="async" class="aligncenter wp-image-2182 size-full" src="https://www.camping-lamarmotte.com/wp-content/uploads/2020/09/sejour-vacances-en-emplacement-camping-ax-les-thermes.jpg" alt="vacaciones en Ax les Thermes" width="700" height="540" /></p>
<p>Si tú también quieres descubrir los placeres de la montaña en verano, ven a pasar un rato con nosotros. <strong>vacaciones en una parcela del camping de Ax les Thermes</strong>. Llame al 05 61 64 24 40 para hacer su reserva.</p>
<p><img loading="lazy" decoding="async" class="aligncenter wp-image-2183 size-full" src="https://www.camping-lamarmotte.com/wp-content/uploads/2020/09/ariege-vacances-en-emplacement-camping-ax-les-thermes.jpg" alt="Vacaciones en Ariege en la localidad Ax les Thermes" width="700" height="467" /></p>

Optez pour des vacances en emplacement au camping la Marmotte en Ariège
